(g).
9
Let l(x) be the first derivative of 11*x**2/2 + 13*x + 5169. Give l(-2).
-9
Let i(y) be the first derivative of y**4/4 - 26*y**3/3 - 13*y**2 - 19*y - 35. Let j be i(27). Let r(c) = 2*c**2 - 15*c - 11. Determine r(j).
-3
Let l(a) be the third derivative of -a**5/60 + 5*a**4/24 + 11*a**3/6 + 33*a**2. Let w be l(6). Let m(o) = -12*o**2 + w*o**2 + 21*o + 2 - 24*o - 4. Give m(-2).
-24
Let z(n) = -1164*n - 10. Let x be z(0). Let l(g) = -13*g - 135. Give l(x).
-5
Let j(t) be the first derivative of -t**4/4 - t**3/3 - t**2/2 + 77*t - 1401. Determine j(0).
77
Let y(x) be the third derivative of x**4/24 - 29*x**3/6 + 3666*x**2. Give y(7).
-22
Let r(y) be the third derivative of -y**4/24 - 7*y**3/6 + 391*y**2. Let g be (-105)/(-28)*4/(-1). Let w = g - -7. What is r(w)?
1
Let u = -4640 - -4636. Let t(i) = -3*i**2 - 17*i - 14. What is t(u)?
6
Let a(f) = f**2 - f - 4. Let g = -33 + -110. Let o = g - -143. Give a(o).
-4
Let w(i) = i + 6. Let g(r) = -1. Let v(b) = -3*b - 11. Let a(o) = 3*g(o) - v(o). Let l be a(-2). Suppose 0 = l*f + 2 + 8. Calculate w(f).
1
Suppose 23*n - 24 = -2*b + 19*n, -1 = 2*b - n. Suppose 3*a - 4 + 9 = b*d, 0 = 3*d - 12. Let l(u) = 1 + 0*u - 3*u - 7*u. Give l(a).
-9
Let f(a) be the second derivative of a**5/20 + a**4/2 - 5*a**3/6 - 13*a**2/2 + 59*a + 7. Give f(-6).
17
Let l(h) = -13*h**3 - 15*h**2 - 5*h + 13. Let z(c) = -6*c**3 - 7*c**2 - 3*c + 5. Let a(f) = -2*l(f) + 5*z(f). What is a(-2)?
21
Let k be 4 - 7/((-35)/(-10)). Suppose 6 = -k*z + 18. Let s(h) = -4*h + 7. Let w(n) = 8*n - 13. Let d(v) = -7*s(v) - 4*w(v). Determine d(z).
-21
Let n be (-24)/44 + (-23821)/(-11). Let u(d) = -d**3 - d - 13 + 2165*d**2 - n*d**2. What is u(0)?
-13
Let g(q) = 3*q**3 + 1. Let l(i) = -34*i + 3. Suppose -5*h = 5 + 10. Let v be l(h). Let f = v + -106. Give g(f).
-2
Let v(z) = 4*z**3 + z**2 + 5 + 21494056*z - 3*z**3 - 21494051*z. Determine v(0).
5
Let p(u) be the third derivative of u**5/60 - u**4/6 - u**3/6 + u**2. Let s(k) = 6*k**2 - 3. Let v be s(2). Suppose -v = -16*j + 27. What is p(j)?
-4
Let a(t) = 14*t + 267. Let g be a(-18). Let w(n) = n**3 - 13*n**2 - 30*n. What is w(g)?
0
Let d(i) = -14*i + 25 - 10*i - 13 - 32 - i**2. Determine d(-24).
-20
Let j(m) = -70*m - 922. Let p be j(-13). Let c(r) = -r**2 - 16*r - 24. What is c(p)?
24
Let d(a) = a**2 - 10*a + 3. Let c(p) = -2*p - 25. Let u(t) = -4*t**2 + 14*t**2 - 15 - t**3 - 9*t - 2. Let m be u(9). Let n be c(m). Calculate d(n).
-6
Suppose -4*o - 2*s = 5 - 43, 5*o + 4*s = 43. Let w(h) = -5*h**3 + 5*h**3 + o - h**3 - 4*h - 10*h**2 - 3*h. What is w(-9)?
-7
Let p(b) be the first derivative of 19*b**2/2 - 11*b - 2761. Give p(3).
46
Suppose -x = -3*v + 83, -4*x = 3*v + 2*v + 315. Let g = -343 - -427. Let k = g + x. Let d(a) = 2*a**2 - 5*a + 4. Give d(k).
16
Let s(b) = -b**3 - 5*b**2 + b + 3. Let o be s(-5). Let g(a) be the second derivative of -a**4/6 - a**3/2 - 1609*a. Give g(o).
-2
Let s = -11651 - -11655. Let m(r) = -14*r + 49. What is m(s)?
-7
Let p(s) = s - 11. Let i = 15795 + -15787. Calculate p(i).
-3
Let d(w) = -56*w + 53*w - w**2 + 121 - 119. Calculate d(-7).
-26
Let y(m) be the third derivative of -41*m**5/60 + m**4/6 - m**3/6 - 13656*m**2. Calculate y(1).
-38
Let h(l) be the first derivative of 2*l**3 - 5/2*l**2 - 1/4*l**4 - 82 - 5*l. Calculate h(5).
-5
Let s be 1 + (5 - (-2 - -5)). Let m(u) = s + 5 - 6 + 4 - u. Suppose -3*t + 3*a = -15, t = -t - a + 13. Calculate m(t).
0
Suppose 121 + 7 = 2*g. Suppose 6*i = -2*i - g. Let r(q) = q**2 + 7*q - 2. What is r(i)?
6
Let p(o) = -3*o**2 + 21*o + 6. Suppose 31*a - 122 - 181 = -86. Determine p(a).
6
Suppose 5*y + 25 = -0*y. Suppose 130 = 7*g - 801. Let z(s) = s**3 + 3*s - 65*s**2 + g*s**2 - 62*s**2 - 7. Calculate z(y).
3
Suppose z = -2*s + 1 + 3, 4*z + 3*s - 11 = 0. Let i(x) = -x**3 - 7 + 2 - 71*x + 69*x + 6*x**z. Determine i(5).
10
Let f(z) = 4*z - 10. Let m(d) = -7*d + 14. Suppose 0 = -5*i - 4*l - 13, -5*i - 9*l - 34 = -12*l. Let u(v) = i*m(v) - 7*f(v). Let b = 0 - -2. What is u(b)?
14
Let a(h) = 3 - 37*h - 33*h - 13 + 117*h - 39*h. Give a(-7).
-66
Let k(v) be the third derivative of v**7/840 - v**6/60 + v**4/8 - 25*v**3/3 + 51*v**2. Let f(r) be the first derivative of k(r). Determine f(6).
3
Suppose -13*i + 17*i = 24. Suppose -i*m - 12 = -36. Suppose -10 = u - 0*s - s, -m*s + 46 = -5*u. Let x(p) = -2*p - 2. Determine x(u).
10
Let x(h) = -h**3 - 18*h**2 - 28*h + 62. Suppose 517*i - 475*i + 80 = -592. Determine x(i).
-2
Let q(m) = -4*m**2 - 28139 + 14054 - 186*m + 13999. Determine q(-46).
6
Let n(r) = -r**3 - 5*r**2 - 2*r - 1. Suppose -m = -b + 49, 1 = 4*m - 11. Suppose 3*a + b = -92. Let y = a + 43. What is n(y)?
9
Let f(a) = -1 + 17*a**2 + 10*a - 47*a**2 + 17*a**2 + 14*a**2. Calculate f(-13).
38
Let d(u) = -7*u**2 - 4*u - 6. Suppose 99*s + 439 - 43 = 0. Give d(s).
-102
Let w(y) = 3*y + 30*y - y**2 + 13*y - 11 - 51*y + 15*y. Let j(x) = -x**2 - 4*x + 7. Let t be j(-6). Let u(v) = v**2 + 2*v - 6. Let f be u(t). Calculate w(f).
-2
Let z(n) = 4*n - 12. Let s(d) = 28*d + 140. Let w(v) = -v - 4. Let j(m) = 5*s(m) + 160*w(m). Let k(r) = -3*j(r) - 16*z(r). Calculate k(5).
-8
Let z(b) = 4*b + 94. Let x = 3460 + -3486. What is z(x)?
-10
Let j(v) = 46*v - 21*v - 24*v - 6 - 5*v. Suppose -3*d - 7 = 8. Calculate j(d).
14
Let q(u) = -3*u - 3. Suppose 8*g = 3*g - 8*g - 130. Determine q(g).
27
Let k = 2180 + -52313/24. Let b(c) be the third derivative of k*c**4 + 2/3*c**3 - 1/60*c**5 - 23*c**2 + 0 + 0*c. Determine b(6).
10
Let y be 1*20/(-4)*(-1)/1*1. Let s(k) = -k**3 + 6*k**2 - 9*k + 13. Give s(y).
-7
Let g(k) = 10*k + 3. Let t be 14/(-8) - 9680/(-704). Calculate g(t).
123
Let w be (3 + 161/(-28) - -4)*-4. Let y(l) = -2*l**2 - 3*l - 5. What is y(w)?
-40
Let o(h) = -1 - 185*h**2 - 1 - 3 + 10 + 181*h**2 - 4*h. Calculate o(-2).
-3
Let u(j) = j + 2. Suppose -25*t + 43 = -32. Suppose 5*m - 36 = -2*c, m + 4*m + 102 = 4*c. Suppose t*b + c = 5. Give u(b).
-4
Let w = 1 - -2. Suppose 8*a + w*a = -55. Let v(b) = 3 + 3*b + 0 - 5*b. Determine v(a).
13
Let g(k) = -k**3 + 4*k**2 - 4*k. Suppose -18*x - 18*x + 216 = 0. Suppose -4*b - 7 - 1 = 5*l, 3*l + x = -2*b. Determine g(b).
-3
Let x(z) = 2*z - 1. Let w(m) = -2*m**3 + 3*m**2 - 3*m + 1. Let r be w(2). Let d = 76 - 80. Let v be d/18 + (-38)/r. What is x(v)?
7
Let w(p) = 8*p**2 - 3*p. Let h(m) = m**2. Let o(z) = -4*h(z) + w(z). Let n = -5795 - -5797. Determine o(n).
10
Let t(l) = l**2 - 25*l + 26. Let p be (-36)/(-7)*(-5 + 29/3). Let k be t(p). Let s(i) = -2*i - i**2 + 2*i**k + 30 - 34. Give s(5).
11
Let q = -733 + 1316. Let k(f) = -2 - f**3 - q*f**2 + 1164*f**2 - 584*f**2 - 2*f. Calculate k(-4).
22
Let w(m) = 10*m**2 - 1. Let x(n) = -74*n**2 - 32*n + 24. Let y(b) = -8*w(b) - x(b). Give y(5).
-6
Let j be -4 - ((-3)/3 - 36/(-42)*-7). Let v(t) = 12*t - 13. Determine v(j).
23
Let p(l) = 34*l**3 - 8*l**3 - 13*l**3 - 12 + 7*l**2 + 2*l - 12*l**3. Let c be p(-7). Let w be (-13)/2 - 13/c. Let s(j) = j + 7. Calculate s(w).
1
Let j(n) = -n**2 - 12*n - 9. Let s = 1252 + -1261. Determine j(s).
18
Let d(s) = 3*s**2 - 30*s - 4. Let p(j) = 81*j - 71. Let b be p(1). Calculate d(b).
-4
Let a(c) = -82 + 232 - 152*c + 144*c. Calculate a(20).
-10
Let y = 8978 + -8967. Let h(d) = -d**2 - d + 137. Determine h(y).
5
Let m(j) be the second derivative of j**4/6 - 4*j**3/3 - 3*j**2 + 1481*j. Let h(c) = 3*c - 3. Let d be h(3). Calculate m(d).
18
Let j(b) = -b**2 - b + 5. Suppose -4*o + 5*p - 89 = -87, 4 = -2*o + 3*p. Calculate j(o).
-51
Let s(q) be the third derivative of 1/8*q**4 + 0 + 2*q - 87*q**2 + 1/6*q**3. Calculate s(-3).
-8
Let s(l) = 5*l + 5. Let b(v) = -32*v + 6. Let k(c) = b(c) - s(c). Calculate k(1).
-36
Let t(l) = 3*l**2 - 22*l - 118. Let p be t(11). Let a(y) be the third derivative of -y**6/120 + y**5/20 - y**4/8 - y**3/3 + 2*y**2. Give a(p).
-11
Suppose 0 = -6*w - 12*w - 2160 + 1674. Let l(s) = 4*s + 114. Determine l(w).
6
Let c(j) = 8*j**2 + 3*j + 5. Let x be c(-6). Suppose -6*z = 19*z - x. Let f(l) = -l**2 + 11*l + 5. Calculate f(z).
5
Let z(t) be the first derivative of t**2 - 4*t - 40. Let c = 34 - 19. Let b be ((-42)/c)/((-2)/5). What is z(b)?
10
Suppose -60*x + 68*x + 24 = 0. Let d be x/7 - (-53)/(-7). Let k(w) = 4*w - 3. Determine k(d).
-35
Let u(k) = k**2 - 2*k + 1. Suppose 0*m - 5*m = -15. Suppose 3*v = -3*s - 3 + 6, 2*s = m*v